r(5).
-21
Let a(g) = -156*g + 468. Give a(3).
0
Let h(y) = y**3 - 55*y**2 + 157*y - 55. What is h(52)?
-3
Let m(z) = 2211*z - 13276. Determine m(6).
-10
Let x(r) = r**2 - 46*r + 626. What is x(38)?
322
Let a(r) = 88*r - 4. Give a(1).
84
Let y(v) = -4*v**3 - 71*v**2 + 11*v - 160. Determine y(-18).
-34
Let m(q) = -21*q + 188. Determine m(9).
-1
Let z(h) = -h**3 + 6*h**2 + 14*h - 8. Calculate z(8).
-24
Let x(i) = -2*i**3 + 3*i**2 + 12*i + 23. Give x(-2).
27
Let u(a) = 20*a**2 - 14*a + 12. Determine u(1).
18
Let j(f) = 1500*f + 1509. Calculate j(-1).
9
Let f(t) = -2*t**3 + 17*t**2 + 94*t - 425. Determine f(11).
4
Let q(f) = -f**2 + 28*f - 64. What is q(22)?
68
Let o(b) = -21*b - 848. Determine o(-32).
-176
Let a(p) = 2*p**2 + 18*p + 65. Give a(-3).
29
Let k(z) = 2*z**3 - 5*z**2 + 83*z - 243. Calculate k(3).
15
Let p(o) = -74*o - 2659. What is p(-36)?
5
Let m(u) = 2*u**2 + 169*u - 1246. Give m(7).
35
Let r(l) = -173*l - 225. Determine r(-1).
-52
Let t(h) = -2*h**3 - 14*h**2 + 31*h - 5. Give t(2).
-15
Let l(c) = -4*c**2 + 22*c - 7. Calculate l(0).
-7
Let z(q) = 2028*q - 8105. What is z(4)?
7
Let o(z) = 6449*z + 12909. What is o(-2)?
11
Let v(f) = 11*f - 352. What is v(27)?
-55
Let n(v) = 227*v - 2698. What is n(12)?
26
Let a(x) = 1046*x - 13623. Give a(13).
-25
Let n(r) = -2*r**2 - 90*r + 16. What is n(-46)?
-76
Let m(u) = 4*u**3 - 74*u**2 + 24*u - 1175. Give m(19).
3
Let g(c) = 56*c + 385. Determine g(-8).
-63
Let g(r) = -93*r**2 + 485*r + 445. Calculate g(6).
7
Let p(x) = 194*x - 2530. Calculate p(13).
-8
Let l(b) = -22*b**3 - 4*b**2 - 4*b + 4. What is l(3)?
-638
Let v(g) = -134*g + 2674. What is v(20)?
-6
Let c(k) = -3*k**2 - 107*k - 123. What is c(-34)?
47
Let o(j) = 3699*j - 77678. Determine o(21).
1
Let q(v) = -19*v - 174. Determine q(-8).
-22
Let p(o) = 7*o + 283. Give p(-42).
-11
Let f(a) = 6*a**2 - 604*a + 2403. What is f(4)?
83
Let g(c) = c**3 + 55*c**2 + 101*c - 267. Calculate g(-53).
-2
Let y(i) = -55*i - 1365. Determine y(-29).
230
Let q(g) = 23*g**3 + 17*g**2 + 10*g + 6. Determine q(-1).
-10
Let t(g) = 3*g**2 - 324*g + 1292. Calculate t(104).
44
Let o(z) = -10*z**3 - 6*z**2 - 3*z + 3. Give o(0).
3
Let o(x) = 19*x - 149. Calculate o(-9).
-320
Let m(d) = d**3 - 19*d**2 + 91*d - 307. What is m(14)?
-13
Let n(r) = r**3 + 89*r**2 + 1561*r + 63. Calculate n(-65).
-2
Let x(f) = 15*f - 26. Calculate x(6).
64
Let l(m) = -2*m**3 - 20*m**2 + 106*m + 24. Give l(-14).
108
Let v(d) = -2*d**3 + 38*d**2 + 61*d - 428. What is v(20)?
-8
Let c(k) = -132*k - 2108. What is c(-16)?
4
Let g(s) = 4*s**2 - 29*s - 104. Determine g(-5).
141
Let c(n) = -2*n**3 + 21*n**2 - 49*n + 196. Calculate c(9).
-2
Let u(n) = -n**2 + 15491*n - 170279. What is u(11)?
1
Let s(i) = -3*i + 38. Determine s(-16).
86
Let c(p) = 6*p**2 + 47*p - 21. Give c(-16).
763
Let s(o) = -o**2 + 12*o - 27. Determine s(12).
-27
Let h(y) = 2829*y + 14137. Calculate h(-5).
-8
Let t(f) = -f**3 + 14*f**2 + 75*f + 14. Determine t(-4).
2
Let d(t) = t**3 + 19*t**2 + 42*t - 32. Calculate d(-16).
64
Let p(a) = a**2 + 29*a - 9. Give p(-20).
-189
Let u(j) = 9*j**2 + 29*j + 106. Give u(-9).
574
Let x(h) = h**3 - 20*h**2 + 99*h - 5. Determine x(6).
85
Let y(w) = 51*w + 437. Determine y(-8).
29
Let k(q) = -5*q - 157. Determine k(-29).
-12
Let q(k) = 68*k + 198. Give q(-3).
-6
Let o(w) = 1018*w - 39699. Determine o(39).
3
Let r(z) = 3*z. Calculate r(2).
6
Let u(d) = 137*d + 5339. What is u(-39)?
-4
Let b(p) = -p**3 - 94*p**2 - 180*p + 355. What is b(-92)?
-13
Let c(y) = -296*y - 253. Determine c(-1).
43
Let j(o) = -1844*o + 1856. Calculate j(1).
12
Let p(h) = h**2 - 83*h + 993. Calculate p(54).
-573
Let m(u) = -29*u - 195. Calculate m(-6).
-21
Let q(n) = n**2 + 21*n - 353. What is q(11)?
-1
Let f(n) = -11*n**2 - 3*n + 54. Determine f(0).
54
Let p(w) = -30*w - 297. What is p(-9)?
-27
Let n(v) = -2*v**3 + 24*v**2 - 72*v + 23. Determine n(7).
9
Let f(b) = b**2 - 15*b - 31. Calculate f(15).
-31
Let b(t) = 2*t**2 - 1564*t - 7869. Determine b(-5).
1
Let s(k) = -k**2 - 241*k - 8872. What is s(-45)?
-52
Let x(i) = -5*i**2 - 5*i + 4. What is x(1)?
-6
Let i(o) = 3*o**3 + 64*o**2 + 81*o + 22. Give i(-20).
2
Let t(b) = -28*b + 2593. Calculate t(92).
17
Let j(t) = 119*t + 224. Give j(-2).
-14
Let b(t) = 20*t**2 + 1367*t + 468. Give b(-68).
-8
Let w(n) = 24*n + 52. What is w(-1)?
28
Let v(k) = -76*k + 1295. Calculate v(18).
-73
Let d(s) = -286*s - 1477. Determine d(-6).
239
Let p(g) = 98*g - 53. Calculate p(1).
45
Let b(o) = -19*o**3 - o**2 - 3*o - 1. Calculate b(-1).
20
Let f(s) = 8*s**2 + 844*s - 53. Determine f(-105).
-473
Let v(a) = -5*a**2 - 36*a + 33. Calculate v(0).
33
Let c(q) = 89*q + 5962. Determine c(-67).
-1
Let g(f) = 375*f**2 - 2255*f + 4. Give g(6).
-26
Let s(m) = -166*m + 2545. Calculate s(15).
55
Let l(h) = -9*h**2 - 14*h + 223. Calculate l(6).
-185
Let v(l) = -10*l - 273. Determine v(-39).
117
Let i(s) = 326*s - 1627. Determine i(5).
3
Let b(x) = 5*x - 13. What is b(2)?
-3
Let g(v) = -47*v**3 - 4*v**2 + 5*v - 1. What is g(1)?
-47
Let d(p) = 2*p**3 + 35*p**2 - 60*p - 76. Give d(-19).
-19
Let k(w) = w**3 - 46*w**2 + 93*w + 1550. Give k(43).
2
Let c(l) = -7*l - 788. Determine c(-60).
-368
Let s(t) = 3*t**2 - 5*t + 20. Give s(9).
218
Let t(l) = l**2 + 615*l - 614. Determine t(1).
2
Let u(z) = 8*z - 131. Determine u(-52).
-547
Let z(r) = r**2 + 12*r - 19. What is z(-11)?
-30
Let n(z) = z**3 + 37*z**2 + 7*z - 1051. What is n(-36)?
-7
Let c(l) = -2*l**2 + l - 38. What is c(-6)?
-116
Let l(a) = 9*a**2 - 30*a - 10. Determine l(7).
221
Let l(t) = 24*t + 91. Give l(-5).
-29
Let o(r) = 4*r - 116. Determine o(21).
-32
Let z(b) = -b**2 + 130*b - 722. What is z(6)?
22
Let w(q) = 75*q + 5. What is w(1)?
80
Let t(r) = -r**2 - 87*r + 20465. Determine t(-193).
7
Let n(s) = -6*s**2 - 300*s - 53. What is n(-50)?
-53
Let p(a) = -a**3 - 2*a**2 + 28*a + 17. Determine p(-5).
-48
Let z(c) = -c**2 + 11*c + 108. Determine z(-7).
-18
Let o(h) = -h**3 - 23*h**2 - 134*h - 21. What is o(-11)?
1
Let u(a) = -168*a + 11436. What is u(68)?
12
Let l(d) = -30*d - 4211. What is l(-143)?
79
Let a(c) = c**3 - 8*c**2 - 18*c + 42. What is a(11)?
207
Let h(u) = 94*u + 2632. Give h(-28).
0
Let i(g) = 2*g**3 + 110*g**2 - 88*g + 1248. What is i(-56)?
-96
Let k(o) = -90*o + 774. Give k(12).
-306
Let o(p) = 76*p**2 - 5*p - 4. What is o(-1)?
77
Let t(v) = 2*v**3 - 14*v**2 - 17*v + 91. Determine t(-3).
-38
Let d(m) = 2*m - 294. Calculate d(62).
-170
Let q(s) = s**3 - 6*s**2 - 2*s + 2. Determine q(4).
-38
Let y(u) = u**3 + 15*u**2 - 38*u - 21. Give y(-17).
47
Let z(b) = 109*b + 3861. What is z(-38)?
-281
Let f(p) = 15*p - 1053. Give f(59).
-168
Let x(g) = -g**3 + 20*g**2 - 118*g + 1472. Determine x(18).
-4
Let r(t) = 5699*t - 125382. Give r(22).
-4
Let m(p) = -22*p + 1369. What is m(56)?
137
Let v(y) = 1345*y - 16196. Give v(12).
-56
Let q(u) = -u**3 - 6*u**2 + 11*u - 85. What is q(-9)?
59
Let i(j) = -114*j - 7161. Give i(-63).
21
Let o(d) = -2*d**2 + 52*d + 435. What is o(34)?
-109
Let o(n) = 3*n**3 + 12*n**2 - 219*n + 235. What is o(6)?
1
Let b(k) = 2*k**3 - 36*k**2 + 74*k - 709. Give b(17).
-29
Let j(m) = 5*m - 111. What is j(40)?
89
Let k(g) = 652*g + 3093. Give k(-4).
485
Let g(x) = -2032*x - 40642. Calculate g(-20).
-2
Let i(k) = -4*k**3 - k - 6. Calculate i(3).
-117
Let h(c) = -2*c**2 - 76*c - 726. Give h(-19).
-4
Let x(c) = -c**3 - 343*c**2 + 689*c + 3. What is x(2)?
1
Let m(l) = -l**3 + 48*l**2 - 564*l - 14. What is m(21)?
49
Let f(l) = l**3 - 18*l**2 - 417*l + 417. Determine f(31).
-17
Let o(y) = y**2 + 39*y - 2585. What is o(35)?
5
Let l(k) = 2*k**2 + 9*k + 21. Determine l(-3).
12
Let b(x) = -16*x**2 + 75*x - 291. What is b(4)?
-247
Let b(i) = i**3 + 30*i**2 - 52*i - 654. Determine b(-31).
-3
Let t(d) = 4*d + 115. Determine t(7).
143
Let b(c) = -c**3 - 59*c**2 - 593*c - 34964. Determine b(-59).
23
Let p(q) = 12*q**2 + 1535*q - 97. Give p(-128).
31
Let d(p) = p**3 - 5*p**2 - 26*p + 22. Determine d(-5).
-98
Let d(p) = 2*p**2 - 205*p + 590. Calculate d(3).
-7
Let l(z) = z**3 - 9*z**2 + 6*z + 15. What is l(8)?
-1
Let j(g) = -g**3 - 18*g**2 - 76*g + 21. What is j(-11)?
10
Let r(x) = 11*x - 267. Determine r(54).
327
Let w(o) = -46*o + 7171. Calculate w(156).
-5
Let t(z) = -57*z + 563. Determine t(10).
-7
Let o(d) = -82*d - 260. Give o(-5).
150
Let 